{"version":"1.0","provider_name":"Comune di Gibellina","provider_url":"https:\/\/gibellina2026.it\/en","author_name":"Giusi_DM","author_url":"https:\/\/gibellina2026.it\/en\/author\/giusi_dm\/","title":"Pietro Fortuna \u2013 Folds - Comune di Gibellina","type":"rich","width":600,"height":338,"html":"<blockquote class=\"wp-embedded-content\" data-secret=\"RctQIwJyPh\"><a href=\"https:\/\/gibellina2026.it\/en\/eventi\/residenze\/pietro-fortuna-folds\/\">Pietro Fortuna \u2013 Folds<\/a><\/blockquote><iframe sandbox=\"allow-scripts\" security=\"restricted\" src=\"https:\/\/gibellina2026.it\/en\/eventi\/residenze\/pietro-fortuna-folds\/embed\/#?secret=RctQIwJyPh\" width=\"600\" height=\"338\" title=\"&#8220;Pietro Fortuna \u2013 Folds&#8221; &#8212; Comune di Gibellina\" data-secret=\"RctQIwJyPh\" frameborder=\"0\" marginwidth=\"0\" marginheight=\"0\" scrolling=\"no\" class=\"wp-embedded-content\"><\/iframe><script>\n\/*! This file is auto-generated *\/\n!function(d,l){\"use strict\";l.querySelector&&d.addEventListener&&\"undefined\"!=typeof URL&&(d.wp=d.wp||{},d.wp.receiveEmbedMessage||(d.wp.receiveEmbedMessage=function(e){var t=e.data;if((t||t.secret||t.message||t.value)&&!\/[^a-zA-Z0-9]\/.test(t.secret)){for(var s,r,n,a=l.querySelectorAll('iframe[data-secret=\"'+t.secret+'\"]'),o=l.querySelectorAll('blockquote[data-secret=\"'+t.secret+'\"]'),c=new RegExp(\"^https?:$\",\"i\"),i=0;i<o.length;i++)o[i].style.display=\"none\";for(i=0;i<a.length;i++)s=a[i],e.source===s.contentWindow&&(s.removeAttribute(\"style\"),\"height\"===t.message?(1e3<(r=parseInt(t.value,10))?r=1e3:~~r<200&&(r=200),s.height=r):\"link\"===t.message&&(r=new URL(s.getAttribute(\"src\")),n=new URL(t.value),c.test(n.protocol))&&n.host===r.host&&l.activeElement===s&&(d.top.location.href=t.value))}},d.addEventListener(\"message\",d.wp.receiveEmbedMessage,!1),l.addEventListener(\"DOMContentLoaded\",function(){for(var e,t,s=l.querySelectorAll(\"iframe.wp-embedded-content\"),r=0;r<s.length;r++)(t=(e=s[r]).getAttribute(\"data-secret\"))||(t=Math.random().toString(36).substring(2,12),e.src+=\"#?secret=\"+t,e.setAttribute(\"data-secret\",t)),e.contentWindow.postMessage({message:\"ready\",secret:t},\"*\")},!1)))}(window,document);\n\/\/# sourceURL=https:\/\/gibellina2026.it\/wp-includes\/js\/wp-embed.min.js\n<\/script>","thumbnail_url":"https:\/\/gibellina2026.it\/wp-content\/uploads\/2026\/03\/Pietro-Fortuna-foto-di-Michele-Sanzione.webp","thumbnail_width":2774,"thumbnail_height":4160,"description":"A cura di Andrea Cusumano Dal 7 giugno 2026 La residenza porter\u00e0 alla realizzazione di un ciclo di sculture modulari per uno spazio verde della citt\u00e0. Ogni elemento \u00e8 costituito da lastre d\u2019acciaio piegate in forme curve, che traducono in gesto un processo di ripetizione e variazione, simbolo dell\u2019esperienza del divenire, invitando a un\u2019osservazione lenta [&hellip;]"}

A cura di Andrea Cusumano Dal 7 giugno 2026 La residenza porterà alla realizzazione di un ciclo di sculture modulari per uno spazio verde della città. Ogni elemento è costituito da lastre d’acciaio piegate in forme curve, che traducono in gesto un processo di ripetizione e variazione, simbolo dell’esperienza del divenire, invitando a un’osservazione lenta [&hellip;]
