{"id":2721,"date":"2026-02-26T11:15:39","date_gmt":"2026-02-26T10:15:39","guid":{"rendered":"https:\/\/gibellina2026.it\/?post_type=eventi&#038;p=2721"},"modified":"2026-03-30T16:19:36","modified_gmt":"2026-03-30T14:19:36","slug":"pietro-fortuna-folds","status":"publish","type":"eventi","link":"https:\/\/gibellina2026.it\/en\/eventi\/residenze\/pietro-fortuna-folds\/","title":{"rendered":"Pietro Fortuna \u2013 Folds"},"content":{"rendered":"<p><strong>Curated by Andrea Cusumano<\/strong><\/p>\n<p><strong><span style=\"color: #008593;\">From 7 June 2026<\/span><\/strong><\/p>\n<p class=\"p1\">The residency will lead to the creation of a series of modular sculptures for a green space in the city. Each element consists of steel plates bent into curved shapes, which translate a process of repetition and variation into gesture, symbolising the experience of becoming, inviting slow and active observation.<\/p>","protected":false},"excerpt":{"rendered":"<p>A cura di Andrea Cusumano Dal 7 giugno 2026 La residenza porter\u00e0 alla realizzazione di un ciclo di sculture modulari per uno spazio verde della citt\u00e0. Ogni elemento \u00e8 costituito da lastre d\u2019acciaio piegate in forme curve, che traducono in gesto un processo di ripetizione e variazione, simbolo dell\u2019esperienza del divenire, invitando a un\u2019osservazione lenta [&hellip;]<\/p>\n","protected":false},"author":4,"featured_media":3846,"template":"","meta":{"_acf_changed":false,"footnotes":""},"categorie-eventi":[71],"categorie-eventi-2":[],"class_list":["post-2721","eventi","type-eventi","status-publish","has-post-thumbnail","hentry","categorie-eventi-residenze"],"acf":[],"yoast_head":"<!-- This site is optimized with the Yoast SEO plugin v27.2 - https:\/\/yoast.com\/product\/yoast-seo-wordpress\/ -->\n<title>Pietro Fortuna \u2013 Folds - Comune di Gibellina<\/title>\n<meta name=\"robots\" content=\"index, follow, max-snippet:-1, max-image-preview:large, max-video-preview:-1\" \/>\n<link rel=\"canonical\" href=\"https:\/\/gibellina2026.it\/en\/eventi\/residenze\/pietro-fortuna-folds\/\" \/>\n<meta property=\"og:locale\" content=\"en_GB\" \/>\n<meta property=\"og:type\" content=\"article\" \/>\n<meta property=\"og:title\" content=\"Pietro Fortuna \u2013 Folds - Comune di Gibellina\" \/>\n<meta property=\"og:description\" content=\"A cura di Andrea Cusumano Dal 7 giugno 2026 La residenza porter\u00e0 alla realizzazione di un ciclo di sculture modulari per uno spazio verde della citt\u00e0. Ogni elemento \u00e8 costituito da lastre d\u2019acciaio piegate in forme curve, che traducono in gesto un processo di ripetizione e variazione, simbolo dell\u2019esperienza del divenire, invitando a un\u2019osservazione lenta [&hellip;]\" \/>\n<meta property=\"og:url\" content=\"https:\/\/gibellina2026.it\/en\/eventi\/residenze\/pietro-fortuna-folds\/\" \/>\n<meta property=\"og:site_name\" content=\"Comune di Gibellina\" \/>\n<meta property=\"article:modified_time\" content=\"2026-03-30T14:19:36+00:00\" \/>\n<meta property=\"og:image\" content=\"https:\/\/gibellina2026.it\/wp-content\/uploads\/2026\/03\/Pietro-Fortuna-foto-di-Michele-Sanzione.webp\" \/>\n\t<meta property=\"og:image:width\" content=\"2774\" \/>\n\t<meta property=\"og:image:height\" content=\"4160\" \/>\n\t<meta property=\"og:image:type\" content=\"image\/webp\" \/>\n<meta name=\"twitter:card\" content=\"summary_large_image\" \/>\n<meta name=\"twitter:label1\" content=\"Estimated reading time\" \/>\n\t<meta name=\"twitter:data1\" content=\"1 minute\" \/>\n<script type=\"application\/ld+json\" class=\"yoast-schema-graph\">{\"@context\":\"https:\/\/schema.org\",\"@graph\":[{\"@type\":\"WebPage\",\"@id\":\"https:\/\/gibellina2026.it\/eventi\/residenze\/pietro-fortuna-folds\/\",\"url\":\"https:\/\/gibellina2026.it\/eventi\/residenze\/pietro-fortuna-folds\/\",\"name\":\"Pietro Fortuna \u2013 Folds - Comune di Gibellina\",\"isPartOf\":{\"@id\":\"https:\/\/gibellina2026.it\/#website\"},\"primaryImageOfPage\":{\"@id\":\"https:\/\/gibellina2026.it\/eventi\/residenze\/pietro-fortuna-folds\/#primaryimage\"},\"image\":{\"@id\":\"https:\/\/gibellina2026.it\/eventi\/residenze\/pietro-fortuna-folds\/#primaryimage\"},\"thumbnailUrl\":\"https:\/\/gibellina2026.it\/wp-content\/uploads\/2026\/03\/Pietro-Fortuna-foto-di-Michele-Sanzione-e1775225453963.webp\",\"datePublished\":\"2026-02-26T10:15:39+00:00\",\"dateModified\":\"2026-03-30T14:19:36+00:00\",\"breadcrumb\":{\"@id\":\"https:\/\/gibellina2026.it\/eventi\/residenze\/pietro-fortuna-folds\/#breadcrumb\"},\"inLanguage\":\"en-GB\",\"potentialAction\":[{\"@type\":\"ReadAction\",\"target\":[\"https:\/\/gibellina2026.it\/eventi\/residenze\/pietro-fortuna-folds\/\"]}]},{\"@type\":\"ImageObject\",\"inLanguage\":\"en-GB\",\"@id\":\"https:\/\/gibellina2026.it\/eventi\/residenze\/pietro-fortuna-folds\/#primaryimage\",\"url\":\"https:\/\/gibellina2026.it\/wp-content\/uploads\/2026\/03\/Pietro-Fortuna-foto-di-Michele-Sanzione-e1775225453963.webp\",\"contentUrl\":\"https:\/\/gibellina2026.it\/wp-content\/uploads\/2026\/03\/Pietro-Fortuna-foto-di-Michele-Sanzione-e1775225453963.webp\",\"width\":2773,\"height\":2988},{\"@type\":\"BreadcrumbList\",\"@id\":\"https:\/\/gibellina2026.it\/eventi\/residenze\/pietro-fortuna-folds\/#breadcrumb\",\"itemListElement\":[{\"@type\":\"ListItem\",\"position\":1,\"name\":\"Home\",\"item\":\"https:\/\/gibellina2026.it\/\"},{\"@type\":\"ListItem\",\"position\":2,\"name\":\"Eventi\",\"item\":\"https:\/\/gibellina2026.it\/eventi\/\"},{\"@type\":\"ListItem\",\"position\":3,\"name\":\"Pietro Fortuna \u2013 Folds\"}]},{\"@type\":\"WebSite\",\"@id\":\"https:\/\/gibellina2026.it\/#website\",\"url\":\"https:\/\/gibellina2026.it\/\",\"name\":\"Comune di Gibellina\",\"description\":\"Capitale italiana dell&#039;arte contemporanea 2026\",\"publisher\":{\"@id\":\"https:\/\/gibellina2026.it\/#organization\"},\"potentialAction\":[{\"@type\":\"SearchAction\",\"target\":{\"@type\":\"EntryPoint\",\"urlTemplate\":\"https:\/\/gibellina2026.it\/?s={search_term_string}\"},\"query-input\":{\"@type\":\"PropertyValueSpecification\",\"valueRequired\":true,\"valueName\":\"search_term_string\"}}],\"inLanguage\":\"en-GB\"},{\"@type\":\"Organization\",\"@id\":\"https:\/\/gibellina2026.it\/#organization\",\"name\":\"Comune di Gibellina\",\"url\":\"https:\/\/gibellina2026.it\/\",\"logo\":{\"@type\":\"ImageObject\",\"inLanguage\":\"en-GB\",\"@id\":\"https:\/\/gibellina2026.it\/#\/schema\/logo\/image\/\",\"url\":\"https:\/\/gibellina2026.it\/wp-content\/uploads\/2025\/12\/logo-gibellina.png\",\"contentUrl\":\"https:\/\/gibellina2026.it\/wp-content\/uploads\/2025\/12\/logo-gibellina.png\",\"width\":348,\"height\":386,\"caption\":\"Comune di Gibellina\"},\"image\":{\"@id\":\"https:\/\/gibellina2026.it\/#\/schema\/logo\/image\/\"}}]}<\/script>\n<!-- \/ Yoast SEO plugin. -->","yoast_head_json":{"title":"Pietro Fortuna \u2013 Folds - Comune di Gibellina","robots":{"index":"index","follow":"follow","max-snippet":"max-snippet:-1","max-image-preview":"max-image-preview:large","max-video-preview":"max-video-preview:-1"},"canonical":"https:\/\/gibellina2026.it\/en\/eventi\/residenze\/pietro-fortuna-folds\/","og_locale":"en_GB","og_type":"article","og_title":"Pietro Fortuna \u2013 Folds - Comune di Gibellina","og_description":"A cura di Andrea Cusumano Dal 7 giugno 2026 La residenza porter\u00e0 alla realizzazione di un ciclo di sculture modulari per uno spazio verde della citt\u00e0. Ogni elemento \u00e8 costituito da lastre d\u2019acciaio piegate in forme curve, che traducono in gesto un processo di ripetizione e variazione, simbolo dell\u2019esperienza del divenire, invitando a un\u2019osservazione lenta [&hellip;]","og_url":"https:\/\/gibellina2026.it\/en\/eventi\/residenze\/pietro-fortuna-folds\/","og_site_name":"Comune di Gibellina","article_modified_time":"2026-03-30T14:19:36+00:00","og_image":[{"width":2774,"height":4160,"url":"https:\/\/gibellina2026.it\/wp-content\/uploads\/2026\/03\/Pietro-Fortuna-foto-di-Michele-Sanzione.webp","type":"image\/webp"}],"twitter_card":"summary_large_image","twitter_misc":{"Estimated reading time":"1 minute"},"schema":{"@context":"https:\/\/schema.org","@graph":[{"@type":"WebPage","@id":"https:\/\/gibellina2026.it\/eventi\/residenze\/pietro-fortuna-folds\/","url":"https:\/\/gibellina2026.it\/eventi\/residenze\/pietro-fortuna-folds\/","name":"Pietro Fortuna \u2013 Folds - Comune di Gibellina","isPartOf":{"@id":"https:\/\/gibellina2026.it\/#website"},"primaryImageOfPage":{"@id":"https:\/\/gibellina2026.it\/eventi\/residenze\/pietro-fortuna-folds\/#primaryimage"},"image":{"@id":"https:\/\/gibellina2026.it\/eventi\/residenze\/pietro-fortuna-folds\/#primaryimage"},"thumbnailUrl":"https:\/\/gibellina2026.it\/wp-content\/uploads\/2026\/03\/Pietro-Fortuna-foto-di-Michele-Sanzione-e1775225453963.webp","datePublished":"2026-02-26T10:15:39+00:00","dateModified":"2026-03-30T14:19:36+00:00","breadcrumb":{"@id":"https:\/\/gibellina2026.it\/eventi\/residenze\/pietro-fortuna-folds\/#breadcrumb"},"inLanguage":"en-GB","potentialAction":[{"@type":"ReadAction","target":["https:\/\/gibellina2026.it\/eventi\/residenze\/pietro-fortuna-folds\/"]}]},{"@type":"ImageObject","inLanguage":"en-GB","@id":"https:\/\/gibellina2026.it\/eventi\/residenze\/pietro-fortuna-folds\/#primaryimage","url":"https:\/\/gibellina2026.it\/wp-content\/uploads\/2026\/03\/Pietro-Fortuna-foto-di-Michele-Sanzione-e1775225453963.webp","contentUrl":"https:\/\/gibellina2026.it\/wp-content\/uploads\/2026\/03\/Pietro-Fortuna-foto-di-Michele-Sanzione-e1775225453963.webp","width":2773,"height":2988},{"@type":"BreadcrumbList","@id":"https:\/\/gibellina2026.it\/eventi\/residenze\/pietro-fortuna-folds\/#breadcrumb","itemListElement":[{"@type":"ListItem","position":1,"name":"Home","item":"https:\/\/gibellina2026.it\/"},{"@type":"ListItem","position":2,"name":"Eventi","item":"https:\/\/gibellina2026.it\/eventi\/"},{"@type":"ListItem","position":3,"name":"Pietro Fortuna \u2013 Folds"}]},{"@type":"WebSite","@id":"https:\/\/gibellina2026.it\/#website","url":"https:\/\/gibellina2026.it\/","name":"Comune di Gibellina","description":"Capitale italiana dell&#039;arte contemporanea 2026","publisher":{"@id":"https:\/\/gibellina2026.it\/#organization"},"potentialAction":[{"@type":"SearchAction","target":{"@type":"EntryPoint","urlTemplate":"https:\/\/gibellina2026.it\/?s={search_term_string}"},"query-input":{"@type":"PropertyValueSpecification","valueRequired":true,"valueName":"search_term_string"}}],"inLanguage":"en-GB"},{"@type":"Organization","@id":"https:\/\/gibellina2026.it\/#organization","name":"Comune di Gibellina","url":"https:\/\/gibellina2026.it\/","logo":{"@type":"ImageObject","inLanguage":"en-GB","@id":"https:\/\/gibellina2026.it\/#\/schema\/logo\/image\/","url":"https:\/\/gibellina2026.it\/wp-content\/uploads\/2025\/12\/logo-gibellina.png","contentUrl":"https:\/\/gibellina2026.it\/wp-content\/uploads\/2025\/12\/logo-gibellina.png","width":348,"height":386,"caption":"Comune di Gibellina"},"image":{"@id":"https:\/\/gibellina2026.it\/#\/schema\/logo\/image\/"}}]}},"_links":{"self":[{"href":"https:\/\/gibellina2026.it\/en\/wp-json\/wp\/v2\/eventi\/2721","targetHints":{"allow":["GET"]}}],"collection":[{"href":"https:\/\/gibellina2026.it\/en\/wp-json\/wp\/v2\/eventi"}],"about":[{"href":"https:\/\/gibellina2026.it\/en\/wp-json\/wp\/v2\/types\/eventi"}],"author":[{"embeddable":true,"href":"https:\/\/gibellina2026.it\/en\/wp-json\/wp\/v2\/users\/4"}],"version-history":[{"count":7,"href":"https:\/\/gibellina2026.it\/en\/wp-json\/wp\/v2\/eventi\/2721\/revisions"}],"predecessor-version":[{"id":3768,"href":"https:\/\/gibellina2026.it\/en\/wp-json\/wp\/v2\/eventi\/2721\/revisions\/3768"}],"wp:featuredmedia":[{"embeddable":true,"href":"https:\/\/gibellina2026.it\/en\/wp-json\/wp\/v2\/media\/3846"}],"wp:attachment":[{"href":"https:\/\/gibellina2026.it\/en\/wp-json\/wp\/v2\/media?parent=2721"}],"wp:term":[{"taxonomy":"categorie-eventi","embeddable":true,"href":"https:\/\/gibellina2026.it\/en\/wp-json\/wp\/v2\/categorie-eventi?post=2721"},{"taxonomy":"categorie-eventi-2","embeddable":true,"href":"https:\/\/gibellina2026.it\/en\/wp-json\/wp\/v2\/categorie-eventi-2?post=2721"}],"curies":[{"name":"wp","href":"https:\/\/api.w.org\/{rel}","templated":true}]}}

<p>A cura di Andrea Cusumano Dal 7 giugno 2026 La residenza porterà alla realizzazione di un ciclo di sculture modulari per uno spazio verde della città. Ogni elemento è costituito da lastre d’acciaio piegate in forme curve, che traducono in gesto un processo di ripetizione e variazione, simbolo dell’esperienza del divenire, invitando a un’osservazione lenta [&hellip;]</p>

<!-- This site is optimized with the Yoast SEO plugin v27.2 - https://yoast.com/product/yoast-seo-wordpress/ -->
<title>Pietro Fortuna – Folds - Comune di Gibellina</title>
<meta name="robots" content="index, follow, max-snippet:-1, max-image-preview:large, max-video-preview:-1" />
<link rel="canonical" href="https://gibellina2026.it/en/eventi/residenze/pietro-fortuna-folds/" />
<meta property="og:locale" content="en_GB" />
<meta property="og:type" content="article" />
<meta property="og:title" content="Pietro Fortuna – Folds - Comune di Gibellina" />
<meta property="og:description" content="A cura di Andrea Cusumano Dal 7 giugno 2026 La residenza porterà alla realizzazione di un ciclo di sculture modulari per uno spazio verde della città. Ogni elemento è costituito da lastre d’acciaio piegate in forme curve, che traducono in gesto un processo di ripetizione e variazione, simbolo dell’esperienza del divenire, invitando a un’osservazione lenta [&hellip;]" />
<meta property="og:url" content="https://gibellina2026.it/en/eventi/residenze/pietro-fortuna-folds/" />
<meta property="og:site_name" content="Comune di Gibellina" />
<meta property="article:modified_time" content="2026-03-30T14:19:36+00:00" />
<meta property="og:image" content="https://gibellina2026.it/wp-content/uploads/2026/03/Pietro-Fortuna-foto-di-Michele-Sanzione.webp" />
	<meta property="og:image:width" content="2774" />
	<meta property="og:image:height" content="4160" />
	<meta property="og:image:type" content="image/webp" />
<meta name="twitter:card" content="summary_large_image" />
<meta name="twitter:label1" content="Estimated reading time" />
	<meta name="twitter:data1" content="1 minute" />
<script type="application/ld+json" class="yoast-schema-graph">{"@context":"https://schema.org","@graph":[{"@type":"WebPage","@id":"https://gibellina2026.it/eventi/residenze/pietro-fortuna-folds/","url":"https://gibellina2026.it/eventi/residenze/pietro-fortuna-folds/","name":"Pietro Fortuna – Folds - Comune di Gibellina","isPartOf":{"@id":"https://gibellina2026.it/#website"},"primaryImageOfPage":{"@id":"https://gibellina2026.it/eventi/residenze/pietro-fortuna-folds/#primaryimage"},"image":{"@id":"https://gibellina2026.it/eventi/residenze/pietro-fortuna-folds/#primaryimage"},"thumbnailUrl":"https://gibellina2026.it/wp-content/uploads/2026/03/Pietro-Fortuna-foto-di-Michele-Sanzione-e1775225453963.webp","datePublished":"2026-02-26T10:15:39+00:00","dateModified":"2026-03-30T14:19:36+00:00","breadcrumb":{"@id":"https://gibellina2026.it/eventi/residenze/pietro-fortuna-folds/#breadcrumb"},"inLanguage":"en-GB","potentialAction":[{"@type":"ReadAction","target":["https://gibellina2026.it/eventi/residenze/pietro-fortuna-folds/"]}]},{"@type":"ImageObject","inLanguage":"en-GB","@id":"https://gibellina2026.it/eventi/residenze/pietro-fortuna-folds/#primaryimage","url":"https://gibellina2026.it/wp-content/uploads/2026/03/Pietro-Fortuna-foto-di-Michele-Sanzione-e1775225453963.webp","contentUrl":"https://gibellina2026.it/wp-content/uploads/2026/03/Pietro-Fortuna-foto-di-Michele-Sanzione-e1775225453963.webp","width":2773,"height":2988},{"@type":"BreadcrumbList","@id":"https://gibellina2026.it/eventi/residenze/pietro-fortuna-folds/#breadcrumb","itemListElement":[{"@type":"ListItem","position":1,"name":"Home","item":"https://gibellina2026.it/"},{"@type":"ListItem","position":2,"name":"Eventi","item":"https://gibellina2026.it/eventi/"},{"@type":"ListItem","position":3,"name":"Pietro Fortuna – Folds"}]},{"@type":"WebSite","@id":"https://gibellina2026.it/#website","url":"https://gibellina2026.it/","name":"Comune di Gibellina","description":"Capitale italiana dell&#039;arte contemporanea 2026","publisher":{"@id":"https://gibellina2026.it/#organization"},"potentialAction":[{"@type":"SearchAction","target":{"@type":"EntryPoint","urlTemplate":"https://gibellina2026.it/?s={search_term_string}"},"query-input":{"@type":"PropertyValueSpecification","valueRequired":true,"valueName":"search_term_string"}}],"inLanguage":"en-GB"},{"@type":"Organization","@id":"https://gibellina2026.it/#organization","name":"Comune di Gibellina","url":"https://gibellina2026.it/","logo":{"@type":"ImageObject","inLanguage":"en-GB","@id":"https://gibellina2026.it/#/schema/logo/image/","url":"https://gibellina2026.it/wp-content/uploads/2025/12/logo-gibellina.png","contentUrl":"https://gibellina2026.it/wp-content/uploads/2025/12/logo-gibellina.png","width":348,"height":386,"caption":"Comune di Gibellina"},"image":{"@id":"https://gibellina2026.it/#/schema/logo/image/"}}]}</script>
<!-- / Yoast SEO plugin. -->

A cura di Andrea Cusumano Dal 7 giugno 2026 La residenza porterà alla realizzazione di un ciclo di sculture modulari per uno spazio verde della città. Ogni elemento è costituito da lastre d’acciaio piegate in forme curve, che traducono in gesto un processo di ripetizione e variazione, simbolo dell’esperienza del divenire, invitando a un’osservazione lenta [&hellip;]
